 remainder when 6579957 is divided by 162?
3
Calculate the remainder when 582425 is divided by 41.
20
Calculate the remainder when 46091 is divided by 230.
91
What is the remainder when 3833559 is divided by 1212?
3
Calculate the remainder when 10850886 is divided by 47.
43
Calculate the remainder when 342777 is divided by 1767.
1746
What is the remainder when 1393441 is divided by 28437?
28
What is the remainder when 4262847 is divided by 688?
687
Calculate the remainder when 949815 is divided by 316577.
84
Calculate the remainder when 5467375 is divided by 1366796.
191
Calculate the remainder when 6026703 is divided by 215239.
11
Calculate the remainder when 1082237 is divided by 1293.
1289
What is the remainder when 100582114 is divided by 4384?
2
What is the remainder when 1671079 is divided by 139253?
43
What is the remainder when 112528 is divided by 11198?
548
What is the remainder when 7884 is divided by 3931?
22
What is the remainder when 3946650 is divided by 14?
8
What is the remainder when 59657 is divided by 2132?
2093
What is the remainder when 50374219 is divided by 26?
25
Calculate the remainder when 77442 is divided by 38568.
306
What is the remainder when 19094513 is divided by 55?
53
What is the remainder when 1014093 is divided by 168933?
495
Calculate the remainder when 429691 is divided by 4014.
193
What is the remainder when 3940113 is divided by 30308?
73
Calculate the remainder when 4138070 is divided by 34.
32
Calculate the remainder when 95280 is divided by 43.
35
Calculate the remainder when 30812522 is divided by 117.
104
Calculate the remainder when 3657616 is divided by 1078.
1040
What is the remainder when 97924 is divided by 342?
112
Calculate the remainder when 49760832 is divided by 1658694.
12
What is the remainder when 5268217 is divided by 631?
629
Calculate the remainder when 352960 is divided by 216.
16
What is the remainder when 10213473 is divided by 1281?
60
What is the remainder when 544507 is divided by 121?
7
What is the remainder when 200690 is divided by 200473?
217
What is the remainder when 1559955 is divided by 1462?
1
What is the remainder when 769845523 is divided by 1041?
1039
What is the remainder when 1064150 is divided by 177175?
1100
Calculate the remainder when 3571941 is divided by 99220.
21
What is the remainder when 103637620 is divided by 34545872?
4
Calculate the remainder when 787244 is divided by 125.
119
Calculate the remainder when 785455 is divided by 13428.
6631
What is the remainder when 70542811 is divided by 21619?
14
Calculate the remainder when 614938718 is divided by 352.
350
Calculate the remainder when 416895415 is divided by 8.
7
Calculate the remainder when 24590537 is divided by 150.
137
What is the remainder when 23395983 is divided by 1036?
1031
Calculate the remainder when 2098715 is divided by 26565.
80
Calculate the remainder when 61534 is divided by 30697.
140
Calculate the remainder when 9308 is divided by 1071.
740
Calculate the remainder when 130469 is divided by 5213.
144
What is the remainder when 438845 is divided by 52?
17
What is the remainder when 81108 is divided by 81063?
45
What is the remainder when 515922 is divided by 4525?
72
What is the remainder when 226807 is divided by 225866?
941
What is the remainder when 14156632 is divided by 80?
72
Calculate the remainder when 1927230 is divided by 4.
2
What is the remainder when 6052635 is divided by 192?
27
What is the remainder when 1287763109 is divided by 810?
809
What is the remainder when 553920 is divided by 276944?
32
Calculate the remainder when 1300062 is divided by 72184.
750
Calculate the remainder when 6043587 is divided by 1113.
1110
What is the remainder when 916587 is divided by 19994?
16857
Calculate the remainder when 3191985 is divided by 34.
31
What is the remainder when 20656 is divided by 339?
316
What is the remainder when 1320050 is divided by 32196?
14
Calculate the remainder when 591633 is divided by 579.
474
Calculate the remainder when 64580 is divided by 31969.
642
Calculate the remainder when 6776437 is divided by 3358.
3351
Calculate the remainder when 20254 is divided by 4943.
482
Calculate the remainder when 10053184 is divided by 148.
136
What is the remainder when 19047725 is divided by 66?
59
What is the remainder when 9492503 is divided by 9492489?
14
Calculate the remainder when 823742 is divided by 205933.
10
Calculate the remainder when 361017875 is divided by 3991.
3988
What is the remainder when 887191 is divided by 10689?
4
Calculate the remainder when 7398 is divided by 1234.
1228
Calculate the remainder when 10146790 is divided by 1378.
576
What is the remainder when 10933 is divided by 3889?
3155
What is the remainder when 40192 is divided by 19863?
466
Calculate the remainder when 984873 is divided by 1412.
709
Calculate the remainder when 50558 is divided by 7073.
1047
Calculate the remainder when 229331 is divided by 599.
513
What is the remainder when 78575 is divided by 290?
275
Calculate the remainder when 2739 is divided by 912.
3
Calculate the remainder when 59385714 is divided by 50.
14
Calculate the remainder when 411677 is divided by 123.
119
Calculate the remainder when 19641582 is divided by 43.
42
What is the remainder when 132027598 is divided by 911?
12
What is the remainder when 8145370 is divided by 1158?
1156
Calculate the remainder when 245234 is divided by 81719.
77
What is the remainder when 1606570446 is divided by 11?
8
What is the remainder when 27693356 is divided by 602029?
22
Calculate the remainder when 88088983 is divided by 11.
4
Calculate the remainder when 2810382 is divided by 6070.
6042
What is the remainder when 336732 is divided by 12066?
10950
What is the remainder when 49043469 is divided by 441833?
6
What is the remainder when 383619141 is divided by 204?
201
Calculate the remainder when 4797651 is divided by 111.
9
Calculate the remainder when 41391 is divided by 40179.
1212
Calculate the remainder when 6614600 is divided by 351.
5
Calculate the remainder when 736636 is divided by 40920.
76
What is the remainder when 956797854 is divided by 2647?
2646
What is the remainder when 393104 is divided by 645?
299
Calculate the remainder when 70376399 is divided by 25.
24
Calculate the remainder when 182137701 is divided by 38.
15
What is the remainder when 48072549 is divided by 16024179?
12
What is the remainder when 829492422 is divided by 1292?
1290
Calculate the remainder when 282785 is divided by 282357.
428
Calculate the remainder when 13149 is divided by 4378.
15
Calculate the remainder when 569506 is divided by 2125.
6
Calculate the remainder when 8978275 is divided by 199517.
10
What is the remainder when 281308 is divided by 3760?
3068
Calculate the remainder when 1271443 is divided by 9777.
433
What is the remainder when 441883 is divided by 208?
91
Calculate the remainder when 67638 is divided by 4193.
550
Calculate the remainder when 19214663 is divided by 139.
137
Calculate the remainder when 154197 is divided by 30836.
17
Calculate the remainder when 3720613 is divided by 2967.
2962
What is the remainder when 229737 is divided by 76579?
0
Calculate the remainder when 62313 is divided by 429.
108
What is the remainder when 10976494 is divided by 1721?
1677
Calculate the remainder when 682314 is divided by 2740.
54
What is the remainder when 4421478 is divided by 552665?
158
What is the remainder when 28249 is divided by 3449?
657
What is the remainder when 197672 is divided by 4129?
3609
What is the remainder when 367794 is divided by 3402?
378
Calculate the remainder when 1710756 is divided by 4193.
12
Calculate the remainder when 11357373 is divided by 428.
393
What is the remainder when 264512 is divided by 24024?
248
What is the remainder when 3290259 is divided by 199?
192
What is the remainder when 2042885 is divided by 2362?
2117
What is the remainder when 271385 is divided by 147?
23
Calculate the remainder when 6388202 is divided by 3958.
3948
What is the remainder when 526335 is divided by 15948?
51
Calculate the remainder when 606980 is divided by 202310.
50
Calculate the remainder when 30003497 is divided by 75.
47
Calculate the remainder when 6649009 is divided by 84.
73
Calculate the rem